(c).
-3
Let y be 9/15 - (-38)/(-5). Let o(b) = b + 12. What is o(y)?
5
Let j = 14 + -12. Let s(y) be the third derivative of y**5/60 + y**4/12 - y**3/2 + y**2. Give s(j).
5
Suppose 5*t + 21 = -4*b, 4*t - 12 = 4*b - 0. Let y(g) = -3*g**3 - g**2. Let h be y(t). Let l(x) = x**3 - x**2 - x - 2. Determine l(h).
0
Let x(h) = -3*h + 4 + 3*h - 3 + 3*h. Suppose -2*d - 9 = d. Give x(d).
-8
Let b(v) be the second derivative of 5/2*v**2 + 5*v + 1/6*v**3 + 0. Calculate b(6).
11
Let r(y) = -y**2 + 3 + 2*y**2 + 10*y + 3. Let b = -49 + 40. Give r(b).
-3
Let m(f) = -f. Let r(j) = 4*j - 1. Let h(u) = -2*m(u) + r(u). Calculate h(-2).
-13
Let t(s) = -3*s - 9. Suppose 3*a = k - 15, 0 = a + a - 4*k. Determine t(a).
9
Let r = -7 - -11. Suppose 20 = -r*y + 8. Let i(g) be the second derivative of -g**3/6 + 2*g**2 + 12*g. What is i(y)?
7
Let c(f) = -3*f. Let u be (-8)/(-28) - 19/(-7). Suppose 2*p - 2 = 4*l - u*l, 4*p = -5*l - 10. Determine c(l).
6
Let j(c) = 3*c**2 + 3*c + 12. Let x(t) = t**2 + 2*t + 6. Let m be (-11)/2 + 4/8. Let w(h) = m*x(h) + 2*j(h). Let u = -5 + 10. What is w(u)?
-1
Let m(r) = r**2 - 4*r + 3. Let y be ((-2)/(-6))/((-2)/(-18)). Calculate m(y).
0
Suppose 3*a + 4*q + 12 = -a, 0 = -5*a + q + 9. Suppose 0 = 2*o - a - 9. Let u(i) be the third derivative of i**5/60 - i**4/4 - i**3/6 + 8*i**2. Calculate u(o).
-6
Let v = -4 + 11. Suppose 0 = -2*d + 3 + v. Let y(z) = -5 - 3 - 2 - 4 + 16 + 2*z. What is y(d)?
12
Let x(t) = -t + 9. Let b(y) = y**2. Suppose l - 2*l = 0. Let h be b(l). What is x(h)?
9
Let r(w) = -w + 1. Let l be 41/2 + (-3)/(-2). Let b = -25 + l. Determine r(b).
4
Let v(y) = -2*y**2 + y + 6. Let r(o) = o**2 - 3. Let s(z) = -11*r(z) - 6*v(z). Calculate s(5).
-8
Let p(o) be the first derivative of 4*o**3/3 + o**2 - o - 9. Determine p(1).
5
Let a(g) = g - 3. Let j be 111/2*6/9. Suppose 3*h - 5 = -2*s, -3*s - 3 = -5*h + j. What is a(h)?
2
Let m(s) be the second derivative of -s**5/30 - s**4/24 + 5*s**3/6 - 4*s. Let x(w) be the second derivative of m(w). Determine x(-1).
3
Let z = -21 + 22. Let x(s) be the first derivative of s**4/2 + s + 2. Give x(z).
3
Let c be (-2)/2*0 - -5. Let v(w) = -3*w - 4 - w**2 + 4*w + 0*w + 4*w. Determine v(c).
-4
Let p(n) = -n**3 + 5*n**2 + 7*n - 4. Let s be p(6). Let m(g) = -g**2 + 6 - g**3 + 2*g**3 - 2*g**s - 5*g. Let z = -112 + 116. Give m(z).
2
Suppose -2*q - 4*o = -12, -q - 3*o = -4*q - 9. Let y be 1/(-1 - q/2). Let d(c) = -c**2 - c. Let m(b) = 12*b**2 + 4*b. Let v(s) = -5*d(s) - m(s). What is v(y)?
-8
Suppose -6 = -5*a - 4*h, -4*a - 2 = -4*h - 14. Let d(r) = 0*r + r - 5 - a + 3. Determine d(5).
1
Let a(w) = 2*w**2 + 5*w + 2. Suppose -3*j - 5*f = -32, j - 2*f + 2 = -2. Suppose 3*z = 2*h + 2*h - 18, -4*h + j = 4*z. Suppose -5*r + h*r - 6 = 0. Give a(r).
5
Let k(l) = l - 5. Suppose -z + 7 = r, -5*r + 0 = 15. Let b = z + -4. Calculate k(b).
1
Let d = 77 + -75. Let w = 1 + 4. Let v(i) = 2*i + i**d + 5 + w*i - i. Determine v(-4).
-3
Let x(g) be the first derivative of g**6/120 - g**5/30 - g**4/12 + 2*g**3/3 - 5*g**2/2 - 2. Let a(i) be the second derivative of x(i). Give a(3).
7
Let i = -4 + 4. Let a = 1 - i. Let o be (2/4)/(a/(-6)). Let s(n) = n**2 + 5*n - 2. Calculate s(o).
-8
Suppose -7 - 9 = -4*j - 4*t, 5*j + 3*t - 16 = 0. Suppose 6*a - 2 = 4*a - j*r, 5*a - 2*r = 5. Let s(x) = -3*x**3 + 2*x - a + x**2 + 2*x + 2*x**3. What is s(3)?
-7
Let r be ((-2)/(-12))/(9/54). Let m(a) = a**2 + a - 1. Calculate m(r).
1
Let v(h) = h**3 + 5*h**2 + 5*h + 4. Let t be -1 + (-18)/((-6)/(-3)). Let z be (12/t)/((-9)/(-30)). Give v(z).
0
Let g(y) = -3*y + 15. Let t be g(6). Let d(a) = -a - 2. Calculate d(t).
1
Let z(f) be the second derivative of -2*f**2 - 1/20*f**5 + 1/12*f**4 + 0*f**3 + f + 0. Let d = -47 - -47. Determine z(d).
-4
Let c(g) = -3*g**3 + 3*g**2 - 4*g + 1. Let s be c(1). Let m(b) be the first derivative of -b**4/4 - 4*b**3/3 - 3*b**2/2 + 1. Calculate m(s).
0
Let z(n) = 3*n + 3. Let h be z(-2). Let p = 3 + h. Let s(x) = x**2 - 7*x - 4. Let l(u) = u**2 - 6*u - 3. Let w(b) = -6*l(b) + 5*s(b). Determine w(p).
-2
Let h(p) be the second derivative of -p**3/2 + p**2 - 2*p. Let a(g) = g + 4*g - g - 2. Let q(s) = -4*a(s) - 5*h(s). Determine q(-3).
1
Let x(y) = -9*y + 5*y - 1 + 8*y. Let r(t) = t - 4. Let z be r(7). Calculate x(z).
11
Let z(c) be the third derivative of c**5/60 - c**4/4 - 5*c**3/3 - 10*c**2. Give z(7).
-3
Let v(h) = h - 6. Let y be v(2). Let m(u) = -2*u - 5. Give m(y).
3
Let w = -17 + 24. Let l(u) = -w - 8*u**2 - u**2 + 0*u**2 - 6*u + 8*u**2. What is l(-6)?
-7
Let p(w) = -w - 1. Let n(v) = 5*v + 2. Let k(y) = n(y) + p(y). Determine k(3).
13
Let v(s) = 2*s**2 + 2*s + 1. Let d(j) = -5*j**2 - 7*j - 2. Let r(c) = -3*d(c) - 8*v(c). Determine r(5).
-2
Suppose -2*d + 1 + 11 = 0. Let a(b) = 6 - 33*b**2 + d*b**3 - 3*b**2 + 0*b**3. Let o(h) = -h**3 + 7*h**2 - 1. Let j(y) = 2*a(y) + 11*o(y). Give j(-5).
1
Suppose -9 = -3*b + 2*o + 2, -10 = -2*b + 4*o. Let f = 4 + b. Let v(i) = 2*i**2 + f*i - 2*i - 3*i. Calculate v(-2).
4
Let m(x) = x**3 + 4*x**2 + 3*x + 4. Suppose -u - 2 - 1 = 0. Determine m(u).
4
Let o be (0 - 1) + 0/(-2). Let b = -11 + 8. Let h(g) = 3*g**2 + 3*g + 4. Let i(w) = -w - 1. Let p(r) = b*i(r) - h(r). Give p(o).
-4
Suppose -4 = 4*t - 2*v - 8, -3*v + 21 = 3*t. Let r(m) = m**3 - 4*m**2 + 3*m - 2. Calculate r(t).
-2
Suppose 9*j - 8 = 1. Let q(z) = -14*z**3 + z**2 - 2*z + 1. Calculate q(j).
-14
Let c(r) = -8*r + 3. Let k = -5 + 7. Calculate c(k).
-13
Let x(r) be the second derivative of 0 - 1/3*r**3 + 4*r**2 + 2*r. Calculate x(6).
-4
Let j(t) = -t + 1. Let u be j(2). Let i = -1 + u. Let z be -4 - (0 + i)/1. Let d(f) = -f**3 - f**2 + 2*f. Determine d(z).
0
Let c be (-2)/4*(1 - 1). Let d(a) = -4 - 3*a + 2*a + c*a + 8. Determine d(2).
2
Let c(y) be the third derivative of y**6/360 - y**5/120 - y**3/2 + 3*y**2. Let b(r) be the first derivative of c(r). Determine b(0).
0
Let v = -8 + 12. Let t be 0/(3/1) - v. Let b(i) = -i**2 - i + 4. Calculate b(t).
-8
Let z be 2*(0 + 1) - 0. Let n(o) = o**3 + 8*o**2 + 2. Let r be n(-8). Let t(y) = y**r - y**3 + 4*y + 0*y - 5*y + 3*y. Determine t(z).
0
Let y = -30 - -48. Suppose -5*j = b - y, -2*b - 2*j + 4*j - 12 = 0. Let d(p) = -4*p - 2. What is d(b)?
6
Let l(a) = a**2 + a - 6. Let g(f) = -4*f**2 - 6*f + 28. Let h(c) = 3*g(c) + 14*l(c). What is h(4)?
16
Let a = 3 - 5. Let r = -6 + 8. Let k(l) = 2 + 2*l**2 + 2*l**2 + l**3 - r*l**3 - 6*l**2. Give k(a).
2
Let v(g) = g - 5. Let p(b) = 3*b. Let h be p(1). What is v(h)?
-2
Let g(m) = -2*m - 5. Let j be g(-5). Let h(i) be the first derivative of 1/3*i**3 - 5/2*i**2 + 3 - 6*i. Give h(j).
-6
Let u(r) = 1 - 2*r + 2 - 1 + 3*r. What is u(-4)?
-2
Let n be -4 + 7 + (4 - 1). Suppose -n = 2*d - 4*d. Let s(k) = k - 3. What is s(d)?
0
Let m be 0 - 1/(1/6). Let f(l) = l**3 + 7*l**2 + 9*l + 7. What is f(m)?
-11
Suppose -13*c + 5*c = 8. Let i(u) = 29*u**2 + u. What is i(c)?
28
Let i(u) = -556*u**2 - 4*u + 3 + 552*u**2 + 8*u - u**3. Let y(a) = 4*a. Let t be y(-1). Determine i(t).
-13
Let c(a) = -3*a + 52. Let h be c(16). Let o(b) = 2*b + 1. Determine o(h).
9
Let r(l) = l - 3. Let c be (4 + -3)/((-2)/(-6)) + 2. Calculate r(c).
2
Let w(k) = -k**3 - 11*k**2 - k - 16. Let u be (-1)/(-2)*110/15*-3. Give w(u).
-5
Let m(f) = f**2 + 2. Let t = -8 + 12. Suppose 5*b = 9 + 16, -t*i - 28 = -4*b. Determine m(i).
6
Suppose -8*j + 3*j = -3*p + 17, -19 = -4*p + 3*j. Let t = p - 4. Let r(g) = -g + t - 3 + 1. Calculate r(-2).
0
Let l(v) = 3*v - 4*v**3 + 2 + 5*v**3 - 2*v + v + 4*v**2. Give l(-3).
5
Let q(o) be the third derivative of o**6/120 - o**4/24 - 3*o**3 - 19*o**2. Calculate q(0).
-18
Let z = -11 - -17. Suppose 0 = -z*r + 3*r + 6. Let q(h) = -2*h**2 + 5 - 2*h - h**3 - 3 + 5*h**r. What is q(2)?
2
Let n(l) = -7*l. Let p(k) = -k**3 - 6*k**2 + 1. Let y be p(-6). Calculate n(y).
-7
Let l be (-66)/(-12) + (-2)/4. Let a(v) = v**3 - 6*v**2 + 7*v - 3. Give a(l).
7
Suppose 3*l - 2*f - 5 = 0, 2*f + 13 = 5. Let r be l/2 + 22/4. Let k(v) = -6*v**2 + v**3 - 15*v - 6 + 8*v + 14*v. What is k(r)?
4
Let t be 3 - (6 + 2 + -5). Let y(p) = -1 + p + 1 - 3 + t*p. Calculate y(5).
2
Let h(r) = -r**2 + 2*r. Let q(c) = c**3 - 13*c**2 - c + 15. Let l be q(13). What is h(l)?
0
Let c(b) = b**2 + 2*b + 22 - 6*b - 18. Give c(4).
4
Suppose -4*l = -x - 18, 7*x - 6 = 4*x. Suppose l*p + 0 = -10. Let g(f) =